{"id":5501,"date":"2026-04-14T12:35:17","date_gmt":"2026-04-14T12:35:17","guid":{"rendered":"https:\/\/hipertin.pl\/?post_type=product&#038;p=5501"},"modified":"2026-04-14T13:28:47","modified_gmt":"2026-04-14T13:28:47","slug":"zestaw-metal-zero-detox-szamponmaskalotionx2-hipertin","status":"publish","type":"product","link":"https:\/\/hipertin.pl\/index.php\/product\/zestaw-metal-zero-detox-szamponmaskalotionx2-hipertin\/","title":{"rendered":"ZESTAW Metal Zero DETOX (szampon, maska, lotion x 2) Hipertin"},"content":{"rendered":"<p>NOWO\u015a\u0106 &#8211; EDYCJA LIMITOWANA &#8211; Zestaw KIT Zero<\/p>\n<p><strong>Pojemno\u015b\u0107:<\/strong> 250ml Maska, 300ml Szampon, 2 x lotion 15ml<\/p>\n<div>\n<p>Zestaw sk\u0142ada si\u0119 z produkt\u00f3w stworzonych specjalnie w celu usuwania metali ci\u0119\u017ckich z w\u0142\u00f3kna w\u0142os\u00f3w i utrzymania optymalnej r\u00f3wnowagi sk\u00f3ry g\u0142owy.<\/p>\n<p>Formu\u0142a oparta na naturalnych sk\u0142adnikach aktywnych pomaga w detoksykacji i ochronie w\u0142os\u00f3w przed tward\u0105 wod\u0105 i czynnikami zewn\u0119trznymi. Trzy produkty zawarte w zestawie maj\u0105 za zadanie przede wszystkim oczy\u015bci\u0107 w\u0142osy i sk\u00f3r\u0119 g\u0142owy oraz usun\u0105\u0107 nagromadzone tam metale ci\u0119\u017ckie.<\/p>\n<p>Dodatkowo ka\u017cdy z nich zapewnia inne korzy\u015bci:<\/p>\n<ul>\n<li><strong>Szampon<\/strong> pomaga chroni\u0107 kolor, zapobiegaj\u0105c blakni\u0119ciu. Dzi\u0119ki naturalnym sk\u0142adnikom \u0142agodzi i r\u00f3wnowa\u017cy sk\u00f3r\u0119 g\u0142owy, poprawiaj\u0105c po\u0142ysk, nawil\u017cenie i elastyczno\u015b\u0107 w\u0142os\u00f3w.<\/li>\n<li><strong>Maska <\/strong>pomaga wzmocni\u0107, odbudowa\u0107 i uszczelni\u0107 w\u0142\u00f3kno w\u0142os\u00f3w, poprawi\u0107 ich elastyczno\u015b\u0107, zmniejszy\u0107 puszenie si\u0119, nawil\u017cy\u0107 i ochroni\u0107 kolor. W\u0142osy po u\u017cyciu s\u0105 mi\u0119kkie i l\u015bni\u0105ce.<\/li>\n<li>Kuracj\u0119 uzupe\u0142nia <strong>lotion<\/strong> do sk\u00f3ry g\u0142owy, kt\u00f3ry reguluje wydzielanie sebum, przywracaj\u0105c prawid\u0142owy mikrobiom. Wp\u0142ywa korzystnie na w\u0142osy od cebulek i rewitalizuje je.<\/li>\n<\/ul>\n<p>-&gt; <a href=\"http:\/\/hipertin.pl\/wp-content\/uploads\/2026\/04\/DETOX-\u2013-METAL-0.pdf\">ULOTKA (Szampon+Maska)<\/a><\/p>\n<p>-&gt; <a href=\"http:\/\/hipertin.pl\/wp-content\/uploads\/2026\/04\/Lotion-Metal-Zero-DETOX.pdf\">ULOTKA (Lotion sk\u0142ad)<\/a><\/p>\n<\/div>\n<div><\/div>\n","protected":false},"excerpt":{"rendered":"<p>NOWO\u015a\u0106 &#8211; EDYCJA LIMITOWANA &#8211; Zestaw KIT Zero<\/p>\n<p><strong>Pojemno\u015b\u0107:<\/strong> 250ml Maska, 300ml Szampon, 2 x lotion 15ml<\/p>\n<div>\n<p>Zestaw sk\u0142ada si\u0119 z produkt\u00f3w stworzonych specjalnie w celu usuwania metali ci\u0119\u017ckich z w\u0142\u00f3kna w\u0142os\u00f3w i utrzymania optymalnej r\u00f3wnowagi sk\u00f3ry g\u0142owy.<\/p>\n<p>Formu\u0142a oparta na naturalnych sk\u0142adnikach aktywnych pomaga w detoksykacji i ochronie w\u0142os\u00f3w przed tward\u0105 wod\u0105 i czynnikami zewn\u0119trznymi. Trzy produkty zawarte w zestawie maj\u0105 za zadanie przede wszystkim oczy\u015bci\u0107 w\u0142osy i sk\u00f3r\u0119 g\u0142owy oraz usun\u0105\u0107 nagromadzone tam metale ci\u0119\u017ckie.<\/p>\n<p>Dodatkowo ka\u017cdy z nich zapewnia inne korzy\u015bci:<\/p>\n<ul>\n<li><strong>Szampon<\/strong> pomaga chroni\u0107 kolor, zapobiegaj\u0105c blakni\u0119ciu. Dzi\u0119ki naturalnym sk\u0142adnikom \u0142agodzi i r\u00f3wnowa\u017cy sk\u00f3r\u0119 g\u0142owy, poprawiaj\u0105c po\u0142ysk, nawil\u017cenie i elastyczno\u015b\u0107 w\u0142os\u00f3w.<\/li>\n<li><strong>Maska <\/strong>pomaga wzmocni\u0107, odbudowa\u0107 i uszczelni\u0107 w\u0142\u00f3kno w\u0142os\u00f3w, poprawi\u0107 ich elastyczno\u015b\u0107, zmniejszy\u0107 puszenie si\u0119, nawil\u017cy\u0107 i ochroni\u0107 kolor. W\u0142osy po u\u017cyciu s\u0105 mi\u0119kkie i l\u015bni\u0105ce.<\/li>\n<li>Kuracj\u0119 uzupe\u0142nia <strong>lotion<\/strong> do sk\u00f3ry g\u0142owy, kt\u00f3ry reguluje wydzielanie sebum, przywracaj\u0105c prawid\u0142owy mikrobiom. Wp\u0142ywa korzystnie na w\u0142osy od cebulek i rewitalizuje je.<\/li>\n<\/ul>\n<p>-&gt; <a href=\"http:\/\/hipertin.pl\/wp-content\/uploads\/2026\/04\/DETOX-\u2013-METAL-0.pdf\">ULOTKA (Szampon+Maska)<\/a><\/p>\n<p>-&gt; <a href=\"http:\/\/hipertin.pl\/wp-content\/uploads\/2026\/04\/Lotion-Metal-Zero-DETOX.pdf\">ULOTKA (Lotion sk\u0142ad)<\/a><\/p>\n<\/div>\n","protected":false},"featured_media":5502,"comment_status":"open","ping_status":"closed","template":"","meta":[],"pwb-brand":[133],"product_brand":[],"product_cat":[143,136,137,15,142],"product_tag":[264,246,265,266,257,263],"class_list":{"0":"post-5501","1":"product","2":"type-product","3":"status-publish","4":"has-post-thumbnail","6":"pwb-brand-hipertin","7":"product_cat-odzywki-i-maski","8":"product_cat-pielegnacja-zaawansowana","9":"product_cat-problemy-skory-glowy","10":"product_cat-szampony-do-wlosow","11":"product_cat-zestawy-kosmetykow-produktow","12":"product_tag-detox","13":"product_tag-hipertin","14":"product_tag-kit","15":"product_tag-metal","16":"product_tag-regeneracja","17":"product_tag-zero","18":"product_shipping_class-darmowa-wysylka","20":"first","21":"instock","22":"shipping-taxable","23":"purchasable","24":"product-type-simple"},"yoast_head":"<!-- This site is optimized with the Yoast SEO plugin v27.3 - https:\/\/yoast.com\/product\/yoast-seo-wordpress\/ -->\n<title>ZESTAW Metal Zero DETOX (szampon, maska, lotion x 2) Hipertin - HIPERTIN - Profesjonalne produkty Fryzjerskie<\/title>\n<meta name=\"robots\" content=\"index, follow, max-snippet:-1, max-image-preview:large, max-video-preview:-1\" \/>\n<link rel=\"canonical\" href=\"https:\/\/hipertin.pl\/index.php\/product\/zestaw-metal-zero-detox-szamponmaskalotionx2-hipertin\/\" \/>\n<meta property=\"og:locale\" content=\"pl_PL\" \/>\n<meta property=\"og:type\" content=\"article\" \/>\n<meta property=\"og:title\" content=\"ZESTAW Metal Zero DETOX (szampon, maska, lotion x 2) Hipertin - HIPERTIN - Profesjonalne produkty Fryzjerskie\" \/>\n<meta property=\"og:description\" content=\"NOWO\u015a\u0106 - EDYCJA LIMITOWANA - Zestaw KIT Zero  Pojemno\u015b\u0107: 250ml Maska, 300ml Szampon, 2 x lotion 15ml   Zestaw sk\u0142ada si\u0119 z produkt\u00f3w stworzonych specjalnie w celu usuwania metali ci\u0119\u017ckich z w\u0142\u00f3kna w\u0142os\u00f3w i utrzymania optymalnej r\u00f3wnowagi sk\u00f3ry g\u0142owy.  Formu\u0142a oparta na naturalnych sk\u0142adnikach aktywnych pomaga w detoksykacji i ochronie w\u0142os\u00f3w przed tward\u0105 wod\u0105 i czynnikami zewn\u0119trznymi. Trzy produkty zawarte w zestawie maj\u0105 za zadanie przede wszystkim oczy\u015bci\u0107 w\u0142osy i sk\u00f3r\u0119 g\u0142owy oraz usun\u0105\u0107 nagromadzone tam metale ci\u0119\u017ckie.  Dodatkowo ka\u017cdy z nich zapewnia inne korzy\u015bci:   Szampon pomaga chroni\u0107 kolor, zapobiegaj\u0105c blakni\u0119ciu. Dzi\u0119ki naturalnym sk\u0142adnikom \u0142agodzi i r\u00f3wnowa\u017cy sk\u00f3r\u0119 g\u0142owy, poprawiaj\u0105c po\u0142ysk, nawil\u017cenie i elastyczno\u015b\u0107 w\u0142os\u00f3w.  Maska pomaga wzmocni\u0107, odbudowa\u0107 i uszczelni\u0107 w\u0142\u00f3kno w\u0142os\u00f3w, poprawi\u0107 ich elastyczno\u015b\u0107, zmniejszy\u0107 puszenie si\u0119, nawil\u017cy\u0107 i ochroni\u0107 kolor. W\u0142osy po u\u017cyciu s\u0105 mi\u0119kkie i l\u015bni\u0105ce.  Kuracj\u0119 uzupe\u0142nia lotion do sk\u00f3ry g\u0142owy, kt\u00f3ry reguluje wydzielanie sebum, przywracaj\u0105c prawid\u0142owy mikrobiom. Wp\u0142ywa korzystnie na w\u0142osy od cebulek i rewitalizuje je.  -&gt; ULOTKA (Szampon+Maska)  -&gt; ULOTKA (Lotion sk\u0142ad)\" \/>\n<meta property=\"og:url\" content=\"https:\/\/hipertin.pl\/index.php\/product\/zestaw-metal-zero-detox-szamponmaskalotionx2-hipertin\/\" \/>\n<meta property=\"og:site_name\" content=\"HIPERTIN - Profesjonalne produkty Fryzjerskie\" \/>\n<meta property=\"article:modified_time\" content=\"2026-04-14T13:28:47+00:00\" \/>\n<meta property=\"og:image\" content=\"http:\/\/hipertin.pl\/wp-content\/uploads\/2026\/04\/ZESTAW-Metal-Zero-DETOX-szamponmaskalotionx2-Hipertin.png\" \/>\n\t<meta property=\"og:image:width\" content=\"500\" \/>\n\t<meta property=\"og:image:height\" content=\"500\" \/>\n\t<meta property=\"og:image:type\" content=\"image\/png\" \/>\n<meta name=\"twitter:card\" content=\"summary_large_image\" \/>\n<meta name=\"twitter:label1\" content=\"Szacowany czas czytania\" \/>\n\t<meta name=\"twitter:data1\" content=\"1 minuta\" \/>\n<script type=\"application\/ld+json\" class=\"yoast-schema-graph\">{\"@context\":\"https:\\\/\\\/schema.org\",\"@graph\":[{\"@type\":\"WebPage\",\"@id\":\"https:\\\/\\\/hipertin.pl\\\/index.php\\\/product\\\/zestaw-metal-zero-detox-szamponmaskalotionx2-hipertin\\\/\",\"url\":\"https:\\\/\\\/hipertin.pl\\\/index.php\\\/product\\\/zestaw-metal-zero-detox-szamponmaskalotionx2-hipertin\\\/\",\"name\":\"ZESTAW Metal Zero DETOX (szampon, maska, lotion x 2) Hipertin - HIPERTIN - Profesjonalne produkty Fryzjerskie\",\"isPartOf\":{\"@id\":\"https:\\\/\\\/hipertin.pl\\\/#website\"},\"primaryImageOfPage\":{\"@id\":\"https:\\\/\\\/hipertin.pl\\\/index.php\\\/product\\\/zestaw-metal-zero-detox-szamponmaskalotionx2-hipertin\\\/#primaryimage\"},\"image\":{\"@id\":\"https:\\\/\\\/hipertin.pl\\\/index.php\\\/product\\\/zestaw-metal-zero-detox-szamponmaskalotionx2-hipertin\\\/#primaryimage\"},\"thumbnailUrl\":\"https:\\\/\\\/hipertin.pl\\\/wp-content\\\/uploads\\\/2026\\\/04\\\/ZESTAW-Metal-Zero-DETOX-szamponmaskalotionx2-Hipertin.png\",\"datePublished\":\"2026-04-14T12:35:17+00:00\",\"dateModified\":\"2026-04-14T13:28:47+00:00\",\"breadcrumb\":{\"@id\":\"https:\\\/\\\/hipertin.pl\\\/index.php\\\/product\\\/zestaw-metal-zero-detox-szamponmaskalotionx2-hipertin\\\/#breadcrumb\"},\"inLanguage\":\"pl-PL\",\"potentialAction\":[{\"@type\":\"ReadAction\",\"target\":[\"https:\\\/\\\/hipertin.pl\\\/index.php\\\/product\\\/zestaw-metal-zero-detox-szamponmaskalotionx2-hipertin\\\/\"]}]},{\"@type\":\"ImageObject\",\"inLanguage\":\"pl-PL\",\"@id\":\"https:\\\/\\\/hipertin.pl\\\/index.php\\\/product\\\/zestaw-metal-zero-detox-szamponmaskalotionx2-hipertin\\\/#primaryimage\",\"url\":\"https:\\\/\\\/hipertin.pl\\\/wp-content\\\/uploads\\\/2026\\\/04\\\/ZESTAW-Metal-Zero-DETOX-szamponmaskalotionx2-Hipertin.png\",\"contentUrl\":\"https:\\\/\\\/hipertin.pl\\\/wp-content\\\/uploads\\\/2026\\\/04\\\/ZESTAW-Metal-Zero-DETOX-szamponmaskalotionx2-Hipertin.png\",\"width\":500,\"height\":500},{\"@type\":\"BreadcrumbList\",\"@id\":\"https:\\\/\\\/hipertin.pl\\\/index.php\\\/product\\\/zestaw-metal-zero-detox-szamponmaskalotionx2-hipertin\\\/#breadcrumb\",\"itemListElement\":[{\"@type\":\"ListItem\",\"position\":1,\"name\":\"Strona g\u0142\u00f3wna\",\"item\":\"https:\\\/\\\/hipertin.pl\\\/\"},{\"@type\":\"ListItem\",\"position\":2,\"name\":\"Sklep\",\"item\":\"https:\\\/\\\/hipertin.pl\\\/index.php\\\/sklep\\\/\"},{\"@type\":\"ListItem\",\"position\":3,\"name\":\"ZESTAW Metal Zero DETOX (szampon, maska, lotion x 2) Hipertin\"}]},{\"@type\":\"WebSite\",\"@id\":\"https:\\\/\\\/hipertin.pl\\\/#website\",\"url\":\"https:\\\/\\\/hipertin.pl\\\/\",\"name\":\"HIPERTIN - Profesjonalne produkty Fryzjerskie\",\"description\":\"\",\"potentialAction\":[{\"@type\":\"SearchAction\",\"target\":{\"@type\":\"EntryPoint\",\"urlTemplate\":\"https:\\\/\\\/hipertin.pl\\\/?s={search_term_string}\"},\"query-input\":{\"@type\":\"PropertyValueSpecification\",\"valueRequired\":true,\"valueName\":\"search_term_string\"}}],\"inLanguage\":\"pl-PL\"}]}<\/script>\n<!-- \/ Yoast SEO plugin. -->","yoast_head_json":{"title":"ZESTAW Metal Zero DETOX (szampon, maska, lotion x 2) Hipertin - HIPERTIN - Profesjonalne produkty Fryzjerskie","robots":{"index":"index","follow":"follow","max-snippet":"max-snippet:-1","max-image-preview":"max-image-preview:large","max-video-preview":"max-video-preview:-1"},"canonical":"https:\/\/hipertin.pl\/index.php\/product\/zestaw-metal-zero-detox-szamponmaskalotionx2-hipertin\/","og_locale":"pl_PL","og_type":"article","og_title":"ZESTAW Metal Zero DETOX (szampon, maska, lotion x 2) Hipertin - HIPERTIN - Profesjonalne produkty Fryzjerskie","og_description":"NOWO\u015a\u0106 - EDYCJA LIMITOWANA - Zestaw KIT Zero  Pojemno\u015b\u0107: 250ml Maska, 300ml Szampon, 2 x lotion 15ml   Zestaw sk\u0142ada si\u0119 z produkt\u00f3w stworzonych specjalnie w celu usuwania metali ci\u0119\u017ckich z w\u0142\u00f3kna w\u0142os\u00f3w i utrzymania optymalnej r\u00f3wnowagi sk\u00f3ry g\u0142owy.  Formu\u0142a oparta na naturalnych sk\u0142adnikach aktywnych pomaga w detoksykacji i ochronie w\u0142os\u00f3w przed tward\u0105 wod\u0105 i czynnikami zewn\u0119trznymi. Trzy produkty zawarte w zestawie maj\u0105 za zadanie przede wszystkim oczy\u015bci\u0107 w\u0142osy i sk\u00f3r\u0119 g\u0142owy oraz usun\u0105\u0107 nagromadzone tam metale ci\u0119\u017ckie.  Dodatkowo ka\u017cdy z nich zapewnia inne korzy\u015bci:   Szampon pomaga chroni\u0107 kolor, zapobiegaj\u0105c blakni\u0119ciu. Dzi\u0119ki naturalnym sk\u0142adnikom \u0142agodzi i r\u00f3wnowa\u017cy sk\u00f3r\u0119 g\u0142owy, poprawiaj\u0105c po\u0142ysk, nawil\u017cenie i elastyczno\u015b\u0107 w\u0142os\u00f3w.  Maska pomaga wzmocni\u0107, odbudowa\u0107 i uszczelni\u0107 w\u0142\u00f3kno w\u0142os\u00f3w, poprawi\u0107 ich elastyczno\u015b\u0107, zmniejszy\u0107 puszenie si\u0119, nawil\u017cy\u0107 i ochroni\u0107 kolor. W\u0142osy po u\u017cyciu s\u0105 mi\u0119kkie i l\u015bni\u0105ce.  Kuracj\u0119 uzupe\u0142nia lotion do sk\u00f3ry g\u0142owy, kt\u00f3ry reguluje wydzielanie sebum, przywracaj\u0105c prawid\u0142owy mikrobiom. Wp\u0142ywa korzystnie na w\u0142osy od cebulek i rewitalizuje je.  -&gt; ULOTKA (Szampon+Maska)  -&gt; ULOTKA (Lotion sk\u0142ad)","og_url":"https:\/\/hipertin.pl\/index.php\/product\/zestaw-metal-zero-detox-szamponmaskalotionx2-hipertin\/","og_site_name":"HIPERTIN - Profesjonalne produkty Fryzjerskie","article_modified_time":"2026-04-14T13:28:47+00:00","og_image":[{"width":500,"height":500,"url":"http:\/\/hipertin.pl\/wp-content\/uploads\/2026\/04\/ZESTAW-Metal-Zero-DETOX-szamponmaskalotionx2-Hipertin.png","type":"image\/png"}],"twitter_card":"summary_large_image","twitter_misc":{"Szacowany czas czytania":"1 minuta"},"schema":{"@context":"https:\/\/schema.org","@graph":[{"@type":"WebPage","@id":"https:\/\/hipertin.pl\/index.php\/product\/zestaw-metal-zero-detox-szamponmaskalotionx2-hipertin\/","url":"https:\/\/hipertin.pl\/index.php\/product\/zestaw-metal-zero-detox-szamponmaskalotionx2-hipertin\/","name":"ZESTAW Metal Zero DETOX (szampon, maska, lotion x 2) Hipertin - HIPERTIN - Profesjonalne produkty Fryzjerskie","isPartOf":{"@id":"https:\/\/hipertin.pl\/#website"},"primaryImageOfPage":{"@id":"https:\/\/hipertin.pl\/index.php\/product\/zestaw-metal-zero-detox-szamponmaskalotionx2-hipertin\/#primaryimage"},"image":{"@id":"https:\/\/hipertin.pl\/index.php\/product\/zestaw-metal-zero-detox-szamponmaskalotionx2-hipertin\/#primaryimage"},"thumbnailUrl":"https:\/\/hipertin.pl\/wp-content\/uploads\/2026\/04\/ZESTAW-Metal-Zero-DETOX-szamponmaskalotionx2-Hipertin.png","datePublished":"2026-04-14T12:35:17+00:00","dateModified":"2026-04-14T13:28:47+00:00","breadcrumb":{"@id":"https:\/\/hipertin.pl\/index.php\/product\/zestaw-metal-zero-detox-szamponmaskalotionx2-hipertin\/#breadcrumb"},"inLanguage":"pl-PL","potentialAction":[{"@type":"ReadAction","target":["https:\/\/hipertin.pl\/index.php\/product\/zestaw-metal-zero-detox-szamponmaskalotionx2-hipertin\/"]}]},{"@type":"ImageObject","inLanguage":"pl-PL","@id":"https:\/\/hipertin.pl\/index.php\/product\/zestaw-metal-zero-detox-szamponmaskalotionx2-hipertin\/#primaryimage","url":"https:\/\/hipertin.pl\/wp-content\/uploads\/2026\/04\/ZESTAW-Metal-Zero-DETOX-szamponmaskalotionx2-Hipertin.png","contentUrl":"https:\/\/hipertin.pl\/wp-content\/uploads\/2026\/04\/ZESTAW-Metal-Zero-DETOX-szamponmaskalotionx2-Hipertin.png","width":500,"height":500},{"@type":"BreadcrumbList","@id":"https:\/\/hipertin.pl\/index.php\/product\/zestaw-metal-zero-detox-szamponmaskalotionx2-hipertin\/#breadcrumb","itemListElement":[{"@type":"ListItem","position":1,"name":"Strona g\u0142\u00f3wna","item":"https:\/\/hipertin.pl\/"},{"@type":"ListItem","position":2,"name":"Sklep","item":"https:\/\/hipertin.pl\/index.php\/sklep\/"},{"@type":"ListItem","position":3,"name":"ZESTAW Metal Zero DETOX (szampon, maska, lotion x 2) Hipertin"}]},{"@type":"WebSite","@id":"https:\/\/hipertin.pl\/#website","url":"https:\/\/hipertin.pl\/","name":"HIPERTIN - Profesjonalne produkty Fryzjerskie","description":"","potentialAction":[{"@type":"SearchAction","target":{"@type":"EntryPoint","urlTemplate":"https:\/\/hipertin.pl\/?s={search_term_string}"},"query-input":{"@type":"PropertyValueSpecification","valueRequired":true,"valueName":"search_term_string"}}],"inLanguage":"pl-PL"}]}},"brands":[{"id":133,"name":"Hipertin","slug":"hipertin"}],"_links":{"self":[{"href":"https:\/\/hipertin.pl\/index.php\/wp-json\/wp\/v2\/product\/5501","targetHints":{"allow":["GET"]}}],"collection":[{"href":"https:\/\/hipertin.pl\/index.php\/wp-json\/wp\/v2\/product"}],"about":[{"href":"https:\/\/hipertin.pl\/index.php\/wp-json\/wp\/v2\/types\/product"}],"replies":[{"embeddable":true,"href":"https:\/\/hipertin.pl\/index.php\/wp-json\/wp\/v2\/comments?post=5501"}],"wp:featuredmedia":[{"embeddable":true,"href":"https:\/\/hipertin.pl\/index.php\/wp-json\/wp\/v2\/media\/5502"}],"wp:attachment":[{"href":"https:\/\/hipertin.pl\/index.php\/wp-json\/wp\/v2\/media?parent=5501"}],"wp:term":[{"taxonomy":"pwb-brand","embeddable":true,"href":"https:\/\/hipertin.pl\/index.php\/wp-json\/wp\/v2\/pwb-brand?post=5501"},{"taxonomy":"product_brand","embeddable":true,"href":"https:\/\/hipertin.pl\/index.php\/wp-json\/wp\/v2\/product_brand?post=5501"},{"taxonomy":"product_cat","embeddable":true,"href":"https:\/\/hipertin.pl\/index.php\/wp-json\/wp\/v2\/product_cat?post=5501"},{"taxonomy":"product_tag","embeddable":true,"href":"https:\/\/hipertin.pl\/index.php\/wp-json\/wp\/v2\/product_tag?post=5501"}],"curies":[{"name":"wp","href":"https:\/\/api.w.org\/{rel}","templated":true}]}}