{"id":4762,"date":"2023-12-21T09:40:51","date_gmt":"2023-12-21T09:40:51","guid":{"rendered":"https:\/\/hipertin.pl\/?post_type=product&#038;p=4762"},"modified":"2026-04-10T11:00:16","modified_gmt":"2026-04-10T11:00:16","slug":"sideral-eliksir-marki-hipertin-z-peptydami-do-wlosow-zniszczonych-50ml","status":"publish","type":"product","link":"https:\/\/hipertin.pl\/index.php\/product\/sideral-eliksir-marki-hipertin-z-peptydami-do-wlosow-zniszczonych-50ml\/","title":{"rendered":"SIDERAL &#8211; Eliksir marki HIPERTIN z peptydami do w\u0142os\u00f3w zniszczonych 50ml"},"content":{"rendered":"<p><strong>NOWO\u015a\u0106<\/strong> marki HIPERTIN!<\/p>\n<p style=\"font-weight: 400;\">Innowacyjna linia produkt\u00f3w do w\u0142os\u00f3w, inspirowana 4 \u017cywio\u0142ami natury. Produkty starannie skomponowane, z naturalnych i zr\u00f3wnowa\u017conych sk\u0142adnik\u00f3w, \u0142\u0105cz\u0105 m\u0105dro\u015b\u0107 natury z nauk\u0105 o w\u0142osach, oferuj\u0105c skuteczne i harmonijne rozwi\u0105zania w zakresie piel\u0119gnacji w\u0142os\u00f3w.<\/p>\n<p><b><span lang=\"EN-GB\"><span class=\"il\">SIDERAL<\/span><\/span><\/b><span lang=\"EN-GB\"><span class=\"il\"> to<\/span><\/span><span lang=\"EN-GB\"> e<\/span><span lang=\"EN-GB\">liksir z peptydami przeznaczony do w\u0142os\u00f3w zniszczonych i bardzo zniszczonych przez procesy chemiczne lub termiczne. Wega\u0144ska formu\u0142a, kt\u00f3ra dzi\u0119ki biotechnologii zawiera peptydy oparte na strukturze naturalnej keratyny i jej bia\u0142ek, w celu masowej i dostosowanej do potrzeb naprawy w\u0142os\u00f3w, kt\u00f3ra optymalizuje w\u0142osy molekularnie, aby je zr\u00f3wnowa\u017cy\u0107. Pomaga od\u017cywi\u0107 i zmniejszy\u0107 \u0142amliwo\u015b\u0107, poprawiaj\u0105c wytrzyma\u0142o\u015b\u0107 i spr\u0119\u017cysto\u015b\u0107. Formu\u0142a wzbogacona o witamin\u0119 E, kwas hialuronowy, makadamia, pochodn\u0105 oliwy z oliwek, olej ry\u017cowy i betain\u0119 uzupe\u0142nia skuteczno\u015b\u0107 i rezultaty produktu.<\/span><\/p>\n<p><a href=\"http:\/\/hipertin.pl\/wp-content\/uploads\/2023\/12\/SIDERAL-Prezentacja-produktu.pdf.pdf\"><strong>SIDERAL &#8211; APLIKACJA\/FORMU\u0141A\/SK\u0141AD -&gt; PREZENTACJA PRODUKTU. <\/strong><\/a><\/p>\n<p><strong>Pojemno\u015b\u0107:<\/strong> 50ml<\/p>\n","protected":false},"excerpt":{"rendered":"<p><strong>NOWO\u015a\u0106<\/strong> marki HIPERTIN!<\/p>\n<p style=\"font-weight: 400;\">Innowacyjna linia produkt\u00f3w do w\u0142os\u00f3w, inspirowana 4 \u017cywio\u0142ami natury. Produkty starannie skomponowane, z naturalnych i zr\u00f3wnowa\u017conych sk\u0142adnik\u00f3w, \u0142\u0105cz\u0105 m\u0105dro\u015b\u0107 natury z nauk\u0105 o w\u0142osach, oferuj\u0105c skuteczne i harmonijne rozwi\u0105zania w zakresie piel\u0119gnacji w\u0142os\u00f3w.<\/p>\n<p><b><span lang=\"EN-GB\"><span class=\"il\">SIDERAL<\/span><\/span><\/b><span lang=\"EN-GB\"><span class=\"il\"> to<\/span><\/span><span lang=\"EN-GB\"> e<\/span><span lang=\"EN-GB\">liksir z peptydami przeznaczony do w\u0142os\u00f3w zniszczonych i bardzo zniszczonych przez procesy chemiczne lub termiczne. Wega\u0144ska formu\u0142a, kt\u00f3ra dzi\u0119ki biotechnologii zawiera peptydy oparte na strukturze naturalnej keratyny i jej bia\u0142ek, w celu masowej i dostosowanej do potrzeb naprawy w\u0142os\u00f3w, kt\u00f3ra optymalizuje w\u0142osy molekularnie, aby je zr\u00f3wnowa\u017cy\u0107. Pomaga od\u017cywi\u0107 i zmniejszy\u0107 \u0142amliwo\u015b\u0107, poprawiaj\u0105c wytrzyma\u0142o\u015b\u0107 i spr\u0119\u017cysto\u015b\u0107. Formu\u0142a wzbogacona o witamin\u0119 E, kwas hialuronowy, makadamia, pochodn\u0105 oliwy z oliwek, olej ry\u017cowy i betain\u0119 uzupe\u0142nia skuteczno\u015b\u0107 i rezultaty produktu.<\/span><\/p>\n<p><a href=\"http:\/\/hipertin.pl\/wp-content\/uploads\/2023\/12\/SIDERAL-Prezentacja-produktu.pdf.pdf\"><strong>SIDERAL &#8211; APLIKACJA\/FORMU\u0141A\/SK\u0141AD -&gt; PREZENTACJA PRODUKTU. <\/strong><\/a><\/p>\n<p><strong>Pojemno\u015b\u0107:<\/strong> 50ml<\/p>\n","protected":false},"featured_media":4763,"comment_status":"open","ping_status":"closed","template":"","meta":[],"pwb-brand":[133],"product_brand":[],"product_cat":[143,136],"product_tag":[250,246,249,245],"class_list":{"0":"post-4762","1":"product","2":"type-product","3":"status-publish","4":"has-post-thumbnail","6":"pwb-brand-hipertin","7":"product_cat-odzywki-i-maski","8":"product_cat-pielegnacja-zaawansowana","9":"product_tag-earth","10":"product_tag-hipertin","11":"product_tag-maska","12":"product_tag-odzywka","14":"first","15":"instock","16":"shipping-taxable","17":"purchasable","18":"product-type-simple"},"yoast_head":"<!-- This site is optimized with the Yoast SEO plugin v27.4 - https:\/\/yoast.com\/product\/yoast-seo-wordpress\/ -->\n<title>SIDERAL - Eliksir marki HIPERTIN z peptydami do w\u0142os\u00f3w zniszczonych 50ml - HIPERTIN - Profesjonalne produkty Fryzjerskie<\/title>\n<meta name=\"robots\" content=\"index, follow, max-snippet:-1, max-image-preview:large, max-video-preview:-1\" \/>\n<link rel=\"canonical\" href=\"https:\/\/hipertin.pl\/index.php\/product\/sideral-eliksir-marki-hipertin-z-peptydami-do-wlosow-zniszczonych-50ml\/\" \/>\n<meta property=\"og:locale\" content=\"pl_PL\" \/>\n<meta property=\"og:type\" content=\"article\" \/>\n<meta property=\"og:title\" content=\"SIDERAL - Eliksir marki HIPERTIN z peptydami do w\u0142os\u00f3w zniszczonych 50ml - HIPERTIN - Profesjonalne produkty Fryzjerskie\" \/>\n<meta property=\"og:description\" content=\"NOWO\u015a\u0106 marki HIPERTIN! Innowacyjna linia produkt\u00f3w do w\u0142os\u00f3w, inspirowana 4 \u017cywio\u0142ami natury. Produkty starannie skomponowane, z naturalnych i zr\u00f3wnowa\u017conych sk\u0142adnik\u00f3w, \u0142\u0105cz\u0105 m\u0105dro\u015b\u0107 natury z nauk\u0105 o w\u0142osach, oferuj\u0105c skuteczne i harmonijne rozwi\u0105zania w zakresie piel\u0119gnacji w\u0142os\u00f3w. SIDERAL to eliksir z peptydami przeznaczony do w\u0142os\u00f3w zniszczonych i bardzo zniszczonych przez procesy chemiczne lub termiczne. Wega\u0144ska formu\u0142a, kt\u00f3ra dzi\u0119ki biotechnologii zawiera peptydy oparte na strukturze naturalnej keratyny i jej bia\u0142ek, w celu masowej i dostosowanej do potrzeb naprawy w\u0142os\u00f3w, kt\u00f3ra optymalizuje w\u0142osy molekularnie, aby je zr\u00f3wnowa\u017cy\u0107. Pomaga od\u017cywi\u0107 i zmniejszy\u0107 \u0142amliwo\u015b\u0107, poprawiaj\u0105c wytrzyma\u0142o\u015b\u0107 i spr\u0119\u017cysto\u015b\u0107. Formu\u0142a wzbogacona o witamin\u0119 E, kwas hialuronowy, makadamia, pochodn\u0105 oliwy z oliwek, olej ry\u017cowy i betain\u0119 uzupe\u0142nia skuteczno\u015b\u0107 i rezultaty produktu.  SIDERAL - APLIKACJA\/FORMU\u0141A\/SK\u0141AD -&gt; PREZENTACJA PRODUKTU.   Pojemno\u015b\u0107: 50ml\" \/>\n<meta property=\"og:url\" content=\"https:\/\/hipertin.pl\/index.php\/product\/sideral-eliksir-marki-hipertin-z-peptydami-do-wlosow-zniszczonych-50ml\/\" \/>\n<meta property=\"og:site_name\" content=\"HIPERTIN - Profesjonalne produkty Fryzjerskie\" \/>\n<meta property=\"article:modified_time\" content=\"2026-04-10T11:00:16+00:00\" \/>\n<meta property=\"og:image\" content=\"http:\/\/hipertin.pl\/wp-content\/uploads\/2023\/12\/SIDERAL-Eliksir-z-peptydami-do-wlosow-zniszczonych-50ml.png\" \/>\n\t<meta property=\"og:image:width\" content=\"500\" \/>\n\t<meta property=\"og:image:height\" content=\"500\" \/>\n\t<meta property=\"og:image:type\" content=\"image\/png\" \/>\n<meta name=\"twitter:card\" content=\"summary_large_image\" \/>\n<meta name=\"twitter:label1\" content=\"Szacowany czas czytania\" \/>\n\t<meta name=\"twitter:data1\" content=\"1 minuta\" \/>\n<script type=\"application\/ld+json\" class=\"yoast-schema-graph\">{\"@context\":\"https:\\\/\\\/schema.org\",\"@graph\":[{\"@type\":\"WebPage\",\"@id\":\"https:\\\/\\\/hipertin.pl\\\/index.php\\\/product\\\/sideral-eliksir-marki-hipertin-z-peptydami-do-wlosow-zniszczonych-50ml\\\/\",\"url\":\"https:\\\/\\\/hipertin.pl\\\/index.php\\\/product\\\/sideral-eliksir-marki-hipertin-z-peptydami-do-wlosow-zniszczonych-50ml\\\/\",\"name\":\"SIDERAL - Eliksir marki HIPERTIN z peptydami do w\u0142os\u00f3w zniszczonych 50ml - HIPERTIN - Profesjonalne produkty Fryzjerskie\",\"isPartOf\":{\"@id\":\"https:\\\/\\\/hipertin.pl\\\/#website\"},\"primaryImageOfPage\":{\"@id\":\"https:\\\/\\\/hipertin.pl\\\/index.php\\\/product\\\/sideral-eliksir-marki-hipertin-z-peptydami-do-wlosow-zniszczonych-50ml\\\/#primaryimage\"},\"image\":{\"@id\":\"https:\\\/\\\/hipertin.pl\\\/index.php\\\/product\\\/sideral-eliksir-marki-hipertin-z-peptydami-do-wlosow-zniszczonych-50ml\\\/#primaryimage\"},\"thumbnailUrl\":\"https:\\\/\\\/hipertin.pl\\\/wp-content\\\/uploads\\\/2023\\\/12\\\/SIDERAL-Eliksir-z-peptydami-do-wlosow-zniszczonych-50ml.png\",\"datePublished\":\"2023-12-21T09:40:51+00:00\",\"dateModified\":\"2026-04-10T11:00:16+00:00\",\"breadcrumb\":{\"@id\":\"https:\\\/\\\/hipertin.pl\\\/index.php\\\/product\\\/sideral-eliksir-marki-hipertin-z-peptydami-do-wlosow-zniszczonych-50ml\\\/#breadcrumb\"},\"inLanguage\":\"pl-PL\",\"potentialAction\":[{\"@type\":\"ReadAction\",\"target\":[\"https:\\\/\\\/hipertin.pl\\\/index.php\\\/product\\\/sideral-eliksir-marki-hipertin-z-peptydami-do-wlosow-zniszczonych-50ml\\\/\"]}]},{\"@type\":\"ImageObject\",\"inLanguage\":\"pl-PL\",\"@id\":\"https:\\\/\\\/hipertin.pl\\\/index.php\\\/product\\\/sideral-eliksir-marki-hipertin-z-peptydami-do-wlosow-zniszczonych-50ml\\\/#primaryimage\",\"url\":\"https:\\\/\\\/hipertin.pl\\\/wp-content\\\/uploads\\\/2023\\\/12\\\/SIDERAL-Eliksir-z-peptydami-do-wlosow-zniszczonych-50ml.png\",\"contentUrl\":\"https:\\\/\\\/hipertin.pl\\\/wp-content\\\/uploads\\\/2023\\\/12\\\/SIDERAL-Eliksir-z-peptydami-do-wlosow-zniszczonych-50ml.png\",\"width\":500,\"height\":500},{\"@type\":\"BreadcrumbList\",\"@id\":\"https:\\\/\\\/hipertin.pl\\\/index.php\\\/product\\\/sideral-eliksir-marki-hipertin-z-peptydami-do-wlosow-zniszczonych-50ml\\\/#breadcrumb\",\"itemListElement\":[{\"@type\":\"ListItem\",\"position\":1,\"name\":\"Strona g\u0142\u00f3wna\",\"item\":\"https:\\\/\\\/hipertin.pl\\\/\"},{\"@type\":\"ListItem\",\"position\":2,\"name\":\"Sklep\",\"item\":\"https:\\\/\\\/hipertin.pl\\\/index.php\\\/sklep\\\/\"},{\"@type\":\"ListItem\",\"position\":3,\"name\":\"SIDERAL &#8211; Eliksir marki HIPERTIN z peptydami do w\u0142os\u00f3w zniszczonych 50ml\"}]},{\"@type\":\"WebSite\",\"@id\":\"https:\\\/\\\/hipertin.pl\\\/#website\",\"url\":\"https:\\\/\\\/hipertin.pl\\\/\",\"name\":\"HIPERTIN - Profesjonalne produkty Fryzjerskie\",\"description\":\"\",\"potentialAction\":[{\"@type\":\"SearchAction\",\"target\":{\"@type\":\"EntryPoint\",\"urlTemplate\":\"https:\\\/\\\/hipertin.pl\\\/?s={search_term_string}\"},\"query-input\":{\"@type\":\"PropertyValueSpecification\",\"valueRequired\":true,\"valueName\":\"search_term_string\"}}],\"inLanguage\":\"pl-PL\"}]}<\/script>\n<!-- \/ Yoast SEO plugin. -->","yoast_head_json":{"title":"SIDERAL - Eliksir marki HIPERTIN z peptydami do w\u0142os\u00f3w zniszczonych 50ml - HIPERTIN - Profesjonalne produkty Fryzjerskie","robots":{"index":"index","follow":"follow","max-snippet":"max-snippet:-1","max-image-preview":"max-image-preview:large","max-video-preview":"max-video-preview:-1"},"canonical":"https:\/\/hipertin.pl\/index.php\/product\/sideral-eliksir-marki-hipertin-z-peptydami-do-wlosow-zniszczonych-50ml\/","og_locale":"pl_PL","og_type":"article","og_title":"SIDERAL - Eliksir marki HIPERTIN z peptydami do w\u0142os\u00f3w zniszczonych 50ml - HIPERTIN - Profesjonalne produkty Fryzjerskie","og_description":"NOWO\u015a\u0106 marki HIPERTIN! Innowacyjna linia produkt\u00f3w do w\u0142os\u00f3w, inspirowana 4 \u017cywio\u0142ami natury. Produkty starannie skomponowane, z naturalnych i zr\u00f3wnowa\u017conych sk\u0142adnik\u00f3w, \u0142\u0105cz\u0105 m\u0105dro\u015b\u0107 natury z nauk\u0105 o w\u0142osach, oferuj\u0105c skuteczne i harmonijne rozwi\u0105zania w zakresie piel\u0119gnacji w\u0142os\u00f3w. SIDERAL to eliksir z peptydami przeznaczony do w\u0142os\u00f3w zniszczonych i bardzo zniszczonych przez procesy chemiczne lub termiczne. Wega\u0144ska formu\u0142a, kt\u00f3ra dzi\u0119ki biotechnologii zawiera peptydy oparte na strukturze naturalnej keratyny i jej bia\u0142ek, w celu masowej i dostosowanej do potrzeb naprawy w\u0142os\u00f3w, kt\u00f3ra optymalizuje w\u0142osy molekularnie, aby je zr\u00f3wnowa\u017cy\u0107. Pomaga od\u017cywi\u0107 i zmniejszy\u0107 \u0142amliwo\u015b\u0107, poprawiaj\u0105c wytrzyma\u0142o\u015b\u0107 i spr\u0119\u017cysto\u015b\u0107. Formu\u0142a wzbogacona o witamin\u0119 E, kwas hialuronowy, makadamia, pochodn\u0105 oliwy z oliwek, olej ry\u017cowy i betain\u0119 uzupe\u0142nia skuteczno\u015b\u0107 i rezultaty produktu.  SIDERAL - APLIKACJA\/FORMU\u0141A\/SK\u0141AD -&gt; PREZENTACJA PRODUKTU.   Pojemno\u015b\u0107: 50ml","og_url":"https:\/\/hipertin.pl\/index.php\/product\/sideral-eliksir-marki-hipertin-z-peptydami-do-wlosow-zniszczonych-50ml\/","og_site_name":"HIPERTIN - Profesjonalne produkty Fryzjerskie","article_modified_time":"2026-04-10T11:00:16+00:00","og_image":[{"width":500,"height":500,"url":"http:\/\/hipertin.pl\/wp-content\/uploads\/2023\/12\/SIDERAL-Eliksir-z-peptydami-do-wlosow-zniszczonych-50ml.png","type":"image\/png"}],"twitter_card":"summary_large_image","twitter_misc":{"Szacowany czas czytania":"1 minuta"},"schema":{"@context":"https:\/\/schema.org","@graph":[{"@type":"WebPage","@id":"https:\/\/hipertin.pl\/index.php\/product\/sideral-eliksir-marki-hipertin-z-peptydami-do-wlosow-zniszczonych-50ml\/","url":"https:\/\/hipertin.pl\/index.php\/product\/sideral-eliksir-marki-hipertin-z-peptydami-do-wlosow-zniszczonych-50ml\/","name":"SIDERAL - Eliksir marki HIPERTIN z peptydami do w\u0142os\u00f3w zniszczonych 50ml - HIPERTIN - Profesjonalne produkty Fryzjerskie","isPartOf":{"@id":"https:\/\/hipertin.pl\/#website"},"primaryImageOfPage":{"@id":"https:\/\/hipertin.pl\/index.php\/product\/sideral-eliksir-marki-hipertin-z-peptydami-do-wlosow-zniszczonych-50ml\/#primaryimage"},"image":{"@id":"https:\/\/hipertin.pl\/index.php\/product\/sideral-eliksir-marki-hipertin-z-peptydami-do-wlosow-zniszczonych-50ml\/#primaryimage"},"thumbnailUrl":"https:\/\/hipertin.pl\/wp-content\/uploads\/2023\/12\/SIDERAL-Eliksir-z-peptydami-do-wlosow-zniszczonych-50ml.png","datePublished":"2023-12-21T09:40:51+00:00","dateModified":"2026-04-10T11:00:16+00:00","breadcrumb":{"@id":"https:\/\/hipertin.pl\/index.php\/product\/sideral-eliksir-marki-hipertin-z-peptydami-do-wlosow-zniszczonych-50ml\/#breadcrumb"},"inLanguage":"pl-PL","potentialAction":[{"@type":"ReadAction","target":["https:\/\/hipertin.pl\/index.php\/product\/sideral-eliksir-marki-hipertin-z-peptydami-do-wlosow-zniszczonych-50ml\/"]}]},{"@type":"ImageObject","inLanguage":"pl-PL","@id":"https:\/\/hipertin.pl\/index.php\/product\/sideral-eliksir-marki-hipertin-z-peptydami-do-wlosow-zniszczonych-50ml\/#primaryimage","url":"https:\/\/hipertin.pl\/wp-content\/uploads\/2023\/12\/SIDERAL-Eliksir-z-peptydami-do-wlosow-zniszczonych-50ml.png","contentUrl":"https:\/\/hipertin.pl\/wp-content\/uploads\/2023\/12\/SIDERAL-Eliksir-z-peptydami-do-wlosow-zniszczonych-50ml.png","width":500,"height":500},{"@type":"BreadcrumbList","@id":"https:\/\/hipertin.pl\/index.php\/product\/sideral-eliksir-marki-hipertin-z-peptydami-do-wlosow-zniszczonych-50ml\/#breadcrumb","itemListElement":[{"@type":"ListItem","position":1,"name":"Strona g\u0142\u00f3wna","item":"https:\/\/hipertin.pl\/"},{"@type":"ListItem","position":2,"name":"Sklep","item":"https:\/\/hipertin.pl\/index.php\/sklep\/"},{"@type":"ListItem","position":3,"name":"SIDERAL &#8211; Eliksir marki HIPERTIN z peptydami do w\u0142os\u00f3w zniszczonych 50ml"}]},{"@type":"WebSite","@id":"https:\/\/hipertin.pl\/#website","url":"https:\/\/hipertin.pl\/","name":"HIPERTIN - Profesjonalne produkty Fryzjerskie","description":"","potentialAction":[{"@type":"SearchAction","target":{"@type":"EntryPoint","urlTemplate":"https:\/\/hipertin.pl\/?s={search_term_string}"},"query-input":{"@type":"PropertyValueSpecification","valueRequired":true,"valueName":"search_term_string"}}],"inLanguage":"pl-PL"}]}},"brands":[{"id":133,"name":"Hipertin","slug":"hipertin"}],"_links":{"self":[{"href":"https:\/\/hipertin.pl\/index.php\/wp-json\/wp\/v2\/product\/4762","targetHints":{"allow":["GET"]}}],"collection":[{"href":"https:\/\/hipertin.pl\/index.php\/wp-json\/wp\/v2\/product"}],"about":[{"href":"https:\/\/hipertin.pl\/index.php\/wp-json\/wp\/v2\/types\/product"}],"replies":[{"embeddable":true,"href":"https:\/\/hipertin.pl\/index.php\/wp-json\/wp\/v2\/comments?post=4762"}],"wp:featuredmedia":[{"embeddable":true,"href":"https:\/\/hipertin.pl\/index.php\/wp-json\/wp\/v2\/media\/4763"}],"wp:attachment":[{"href":"https:\/\/hipertin.pl\/index.php\/wp-json\/wp\/v2\/media?parent=4762"}],"wp:term":[{"taxonomy":"pwb-brand","embeddable":true,"href":"https:\/\/hipertin.pl\/index.php\/wp-json\/wp\/v2\/pwb-brand?post=4762"},{"taxonomy":"product_brand","embeddable":true,"href":"https:\/\/hipertin.pl\/index.php\/wp-json\/wp\/v2\/product_brand?post=4762"},{"taxonomy":"product_cat","embeddable":true,"href":"https:\/\/hipertin.pl\/index.php\/wp-json\/wp\/v2\/product_cat?post=4762"},{"taxonomy":"product_tag","embeddable":true,"href":"https:\/\/hipertin.pl\/index.php\/wp-json\/wp\/v2\/product_tag?post=4762"}],"curies":[{"name":"wp","href":"https:\/\/api.w.org\/{rel}","templated":true}]}}