{"id":2716,"date":"2021-07-07T13:41:25","date_gmt":"2021-07-07T13:41:25","guid":{"rendered":"https:\/\/server656728.nazwa.pl\/hipertin\/?post_type=product&#038;p=2716"},"modified":"2026-04-13T12:10:04","modified_gmt":"2026-04-13T12:10:04","slug":"olejek-liftingujacy-lifting-oil-hipertin-125ml","status":"publish","type":"product","link":"https:\/\/hipertin.pl\/index.php\/product\/olejek-liftingujacy-lifting-oil-hipertin-125ml\/","title":{"rendered":"Olejek liftinguj\u0105cy \u2013 Lifting Oil Hipertin 125ml"},"content":{"rendered":"<div class=\"woocommerce-product-details__short-description\">\n<div class=\"product-description dont-show \">\n<div class=\"product-description dont-show \">LIFTING OIL \u2013 OLEJEK LIFTINGUJ\u0104CY<\/div>\n<div class=\"product-description dont-show \">Rewelacyjny produkt hiszpa\u0144skiej marki Hipertin! Odbudowuje, regeneruje i nawil\u017ca dzi\u0119ki po\u0142\u0105czeniu ro\u015blinnych kom\u00f3rek macierzystych z kwiatem lotosu i kompleksem aminokwas\u00f3w. Nie obci\u0105\u017ca i nie przet\u0142uszcza w\u0142os\u00f3w (tzw. suchy olejek).<\/div>\n<div class=\"product-description dont-show \">Spos\u00f3b u\u017cycia: Rozpyli\u0107 (poprzez 3 krotne u\u017cycie rozpylacza) na wilgotne w\u0142osy. Nie sp\u0142ukiwa\u0107.<\/div>\n<\/div>\n<\/div>\n<form class=\"cart\" action=\"https:\/\/cosmoproject.pl\/produkt\/olejek-liftingujacy-lifting-oil-hipertin-125ml\/\" enctype=\"multipart\/form-data\" method=\"post\">\n<div class=\"quantity\"><\/div>\n<\/form>\n","protected":false},"excerpt":{"rendered":"<div class=\"product-description dont-show \">LIFTING OIL \u2013 OLEJEK LIFTINGUJ\u0104CY<\/div>\n<div class=\"product-description dont-show \">Rewelacyjny produkt hiszpa\u0144skiej marki Hipertin! Odbudowuje, regeneruje i nawil\u017ca dzi\u0119ki po\u0142\u0105czeniu ro\u015blinnych kom\u00f3rek macierzystych z kwiatem lotosu i kompleksem aminokwas\u00f3w. Nie obci\u0105\u017ca i nie przet\u0142uszcza w\u0142os\u00f3w (tzw. suchy olejek).<\/div>\n<div class=\"product-description dont-show \">Spos\u00f3b u\u017cycia: Rozpyli\u0107 (poprzez 3 krotne u\u017cycie rozpylacza) na wilgotne w\u0142osy. Nie sp\u0142ukiwa\u0107.<\/div>\n","protected":false},"featured_media":4390,"comment_status":"open","ping_status":"closed","template":"","meta":[],"pwb-brand":[133],"product_brand":[],"product_cat":[136],"product_tag":[],"class_list":{"0":"post-2716","1":"product","2":"type-product","3":"status-publish","4":"has-post-thumbnail","6":"pwb-brand-hipertin","7":"product_cat-pielegnacja-zaawansowana","9":"first","10":"instock","11":"shipping-taxable","12":"purchasable","13":"product-type-simple"},"yoast_head":"<!-- This site is optimized with the Yoast SEO plugin v27.3 - https:\/\/yoast.com\/product\/yoast-seo-wordpress\/ -->\n<title>Olejek liftinguj\u0105cy \u2013 Lifting Oil Hipertin 125ml - HIPERTIN - Profesjonalne produkty Fryzjerskie<\/title>\n<meta name=\"robots\" content=\"index, follow, max-snippet:-1, max-image-preview:large, max-video-preview:-1\" \/>\n<link rel=\"canonical\" href=\"https:\/\/hipertin.pl\/index.php\/product\/olejek-liftingujacy-lifting-oil-hipertin-125ml\/\" \/>\n<meta property=\"og:locale\" content=\"pl_PL\" \/>\n<meta property=\"og:type\" content=\"article\" \/>\n<meta property=\"og:title\" content=\"Olejek liftinguj\u0105cy \u2013 Lifting Oil Hipertin 125ml - HIPERTIN - Profesjonalne produkty Fryzjerskie\" \/>\n<meta property=\"og:description\" content=\"LIFTING OIL \u2013 OLEJEK LIFTINGUJ\u0104CY Rewelacyjny produkt hiszpa\u0144skiej marki Hipertin! Odbudowuje, regeneruje i nawil\u017ca dzi\u0119ki po\u0142\u0105czeniu ro\u015blinnych kom\u00f3rek macierzystych z kwiatem lotosu i kompleksem aminokwas\u00f3w. Nie obci\u0105\u017ca i nie przet\u0142uszcza w\u0142os\u00f3w (tzw. suchy olejek). Spos\u00f3b u\u017cycia: Rozpyli\u0107 (poprzez 3 krotne u\u017cycie rozpylacza) na wilgotne w\u0142osy. Nie sp\u0142ukiwa\u0107.\" \/>\n<meta property=\"og:url\" content=\"https:\/\/hipertin.pl\/index.php\/product\/olejek-liftingujacy-lifting-oil-hipertin-125ml\/\" \/>\n<meta property=\"og:site_name\" content=\"HIPERTIN - Profesjonalne produkty Fryzjerskie\" \/>\n<meta property=\"article:modified_time\" content=\"2026-04-13T12:10:04+00:00\" \/>\n<meta property=\"og:image\" content=\"http:\/\/hipertin.pl\/wp-content\/uploads\/2021\/07\/Olejek-liftingujacy-Lifting-Oil-HIPERTIN-125ml.png\" \/>\n\t<meta property=\"og:image:width\" content=\"500\" \/>\n\t<meta property=\"og:image:height\" content=\"500\" \/>\n\t<meta property=\"og:image:type\" content=\"image\/png\" \/>\n<meta name=\"twitter:card\" content=\"summary_large_image\" \/>\n<script type=\"application\/ld+json\" class=\"yoast-schema-graph\">{\"@context\":\"https:\\\/\\\/schema.org\",\"@graph\":[{\"@type\":\"WebPage\",\"@id\":\"https:\\\/\\\/hipertin.pl\\\/index.php\\\/product\\\/olejek-liftingujacy-lifting-oil-hipertin-125ml\\\/\",\"url\":\"https:\\\/\\\/hipertin.pl\\\/index.php\\\/product\\\/olejek-liftingujacy-lifting-oil-hipertin-125ml\\\/\",\"name\":\"Olejek liftinguj\u0105cy \u2013 Lifting Oil Hipertin 125ml - HIPERTIN - Profesjonalne produkty Fryzjerskie\",\"isPartOf\":{\"@id\":\"https:\\\/\\\/hipertin.pl\\\/#website\"},\"primaryImageOfPage\":{\"@id\":\"https:\\\/\\\/hipertin.pl\\\/index.php\\\/product\\\/olejek-liftingujacy-lifting-oil-hipertin-125ml\\\/#primaryimage\"},\"image\":{\"@id\":\"https:\\\/\\\/hipertin.pl\\\/index.php\\\/product\\\/olejek-liftingujacy-lifting-oil-hipertin-125ml\\\/#primaryimage\"},\"thumbnailUrl\":\"https:\\\/\\\/hipertin.pl\\\/wp-content\\\/uploads\\\/2021\\\/07\\\/Olejek-liftingujacy-Lifting-Oil-HIPERTIN-125ml.png\",\"datePublished\":\"2021-07-07T13:41:25+00:00\",\"dateModified\":\"2026-04-13T12:10:04+00:00\",\"breadcrumb\":{\"@id\":\"https:\\\/\\\/hipertin.pl\\\/index.php\\\/product\\\/olejek-liftingujacy-lifting-oil-hipertin-125ml\\\/#breadcrumb\"},\"inLanguage\":\"pl-PL\",\"potentialAction\":[{\"@type\":\"ReadAction\",\"target\":[\"https:\\\/\\\/hipertin.pl\\\/index.php\\\/product\\\/olejek-liftingujacy-lifting-oil-hipertin-125ml\\\/\"]}]},{\"@type\":\"ImageObject\",\"inLanguage\":\"pl-PL\",\"@id\":\"https:\\\/\\\/hipertin.pl\\\/index.php\\\/product\\\/olejek-liftingujacy-lifting-oil-hipertin-125ml\\\/#primaryimage\",\"url\":\"https:\\\/\\\/hipertin.pl\\\/wp-content\\\/uploads\\\/2021\\\/07\\\/Olejek-liftingujacy-Lifting-Oil-HIPERTIN-125ml.png\",\"contentUrl\":\"https:\\\/\\\/hipertin.pl\\\/wp-content\\\/uploads\\\/2021\\\/07\\\/Olejek-liftingujacy-Lifting-Oil-HIPERTIN-125ml.png\",\"width\":500,\"height\":500},{\"@type\":\"BreadcrumbList\",\"@id\":\"https:\\\/\\\/hipertin.pl\\\/index.php\\\/product\\\/olejek-liftingujacy-lifting-oil-hipertin-125ml\\\/#breadcrumb\",\"itemListElement\":[{\"@type\":\"ListItem\",\"position\":1,\"name\":\"Strona g\u0142\u00f3wna\",\"item\":\"https:\\\/\\\/hipertin.pl\\\/\"},{\"@type\":\"ListItem\",\"position\":2,\"name\":\"Sklep\",\"item\":\"https:\\\/\\\/hipertin.pl\\\/index.php\\\/sklep\\\/\"},{\"@type\":\"ListItem\",\"position\":3,\"name\":\"Olejek liftinguj\u0105cy \u2013 Lifting Oil Hipertin 125ml\"}]},{\"@type\":\"WebSite\",\"@id\":\"https:\\\/\\\/hipertin.pl\\\/#website\",\"url\":\"https:\\\/\\\/hipertin.pl\\\/\",\"name\":\"HIPERTIN - Profesjonalne produkty Fryzjerskie\",\"description\":\"\",\"potentialAction\":[{\"@type\":\"SearchAction\",\"target\":{\"@type\":\"EntryPoint\",\"urlTemplate\":\"https:\\\/\\\/hipertin.pl\\\/?s={search_term_string}\"},\"query-input\":{\"@type\":\"PropertyValueSpecification\",\"valueRequired\":true,\"valueName\":\"search_term_string\"}}],\"inLanguage\":\"pl-PL\"}]}<\/script>\n<!-- \/ Yoast SEO plugin. -->","yoast_head_json":{"title":"Olejek liftinguj\u0105cy \u2013 Lifting Oil Hipertin 125ml - HIPERTIN - Profesjonalne produkty Fryzjerskie","robots":{"index":"index","follow":"follow","max-snippet":"max-snippet:-1","max-image-preview":"max-image-preview:large","max-video-preview":"max-video-preview:-1"},"canonical":"https:\/\/hipertin.pl\/index.php\/product\/olejek-liftingujacy-lifting-oil-hipertin-125ml\/","og_locale":"pl_PL","og_type":"article","og_title":"Olejek liftinguj\u0105cy \u2013 Lifting Oil Hipertin 125ml - HIPERTIN - Profesjonalne produkty Fryzjerskie","og_description":"LIFTING OIL \u2013 OLEJEK LIFTINGUJ\u0104CY Rewelacyjny produkt hiszpa\u0144skiej marki Hipertin! Odbudowuje, regeneruje i nawil\u017ca dzi\u0119ki po\u0142\u0105czeniu ro\u015blinnych kom\u00f3rek macierzystych z kwiatem lotosu i kompleksem aminokwas\u00f3w. Nie obci\u0105\u017ca i nie przet\u0142uszcza w\u0142os\u00f3w (tzw. suchy olejek). Spos\u00f3b u\u017cycia: Rozpyli\u0107 (poprzez 3 krotne u\u017cycie rozpylacza) na wilgotne w\u0142osy. Nie sp\u0142ukiwa\u0107.","og_url":"https:\/\/hipertin.pl\/index.php\/product\/olejek-liftingujacy-lifting-oil-hipertin-125ml\/","og_site_name":"HIPERTIN - Profesjonalne produkty Fryzjerskie","article_modified_time":"2026-04-13T12:10:04+00:00","og_image":[{"width":500,"height":500,"url":"http:\/\/hipertin.pl\/wp-content\/uploads\/2021\/07\/Olejek-liftingujacy-Lifting-Oil-HIPERTIN-125ml.png","type":"image\/png"}],"twitter_card":"summary_large_image","schema":{"@context":"https:\/\/schema.org","@graph":[{"@type":"WebPage","@id":"https:\/\/hipertin.pl\/index.php\/product\/olejek-liftingujacy-lifting-oil-hipertin-125ml\/","url":"https:\/\/hipertin.pl\/index.php\/product\/olejek-liftingujacy-lifting-oil-hipertin-125ml\/","name":"Olejek liftinguj\u0105cy \u2013 Lifting Oil Hipertin 125ml - HIPERTIN - Profesjonalne produkty Fryzjerskie","isPartOf":{"@id":"https:\/\/hipertin.pl\/#website"},"primaryImageOfPage":{"@id":"https:\/\/hipertin.pl\/index.php\/product\/olejek-liftingujacy-lifting-oil-hipertin-125ml\/#primaryimage"},"image":{"@id":"https:\/\/hipertin.pl\/index.php\/product\/olejek-liftingujacy-lifting-oil-hipertin-125ml\/#primaryimage"},"thumbnailUrl":"https:\/\/hipertin.pl\/wp-content\/uploads\/2021\/07\/Olejek-liftingujacy-Lifting-Oil-HIPERTIN-125ml.png","datePublished":"2021-07-07T13:41:25+00:00","dateModified":"2026-04-13T12:10:04+00:00","breadcrumb":{"@id":"https:\/\/hipertin.pl\/index.php\/product\/olejek-liftingujacy-lifting-oil-hipertin-125ml\/#breadcrumb"},"inLanguage":"pl-PL","potentialAction":[{"@type":"ReadAction","target":["https:\/\/hipertin.pl\/index.php\/product\/olejek-liftingujacy-lifting-oil-hipertin-125ml\/"]}]},{"@type":"ImageObject","inLanguage":"pl-PL","@id":"https:\/\/hipertin.pl\/index.php\/product\/olejek-liftingujacy-lifting-oil-hipertin-125ml\/#primaryimage","url":"https:\/\/hipertin.pl\/wp-content\/uploads\/2021\/07\/Olejek-liftingujacy-Lifting-Oil-HIPERTIN-125ml.png","contentUrl":"https:\/\/hipertin.pl\/wp-content\/uploads\/2021\/07\/Olejek-liftingujacy-Lifting-Oil-HIPERTIN-125ml.png","width":500,"height":500},{"@type":"BreadcrumbList","@id":"https:\/\/hipertin.pl\/index.php\/product\/olejek-liftingujacy-lifting-oil-hipertin-125ml\/#breadcrumb","itemListElement":[{"@type":"ListItem","position":1,"name":"Strona g\u0142\u00f3wna","item":"https:\/\/hipertin.pl\/"},{"@type":"ListItem","position":2,"name":"Sklep","item":"https:\/\/hipertin.pl\/index.php\/sklep\/"},{"@type":"ListItem","position":3,"name":"Olejek liftinguj\u0105cy \u2013 Lifting Oil Hipertin 125ml"}]},{"@type":"WebSite","@id":"https:\/\/hipertin.pl\/#website","url":"https:\/\/hipertin.pl\/","name":"HIPERTIN - Profesjonalne produkty Fryzjerskie","description":"","potentialAction":[{"@type":"SearchAction","target":{"@type":"EntryPoint","urlTemplate":"https:\/\/hipertin.pl\/?s={search_term_string}"},"query-input":{"@type":"PropertyValueSpecification","valueRequired":true,"valueName":"search_term_string"}}],"inLanguage":"pl-PL"}]}},"brands":[{"id":133,"name":"Hipertin","slug":"hipertin"}],"_links":{"self":[{"href":"https:\/\/hipertin.pl\/index.php\/wp-json\/wp\/v2\/product\/2716","targetHints":{"allow":["GET"]}}],"collection":[{"href":"https:\/\/hipertin.pl\/index.php\/wp-json\/wp\/v2\/product"}],"about":[{"href":"https:\/\/hipertin.pl\/index.php\/wp-json\/wp\/v2\/types\/product"}],"replies":[{"embeddable":true,"href":"https:\/\/hipertin.pl\/index.php\/wp-json\/wp\/v2\/comments?post=2716"}],"wp:featuredmedia":[{"embeddable":true,"href":"https:\/\/hipertin.pl\/index.php\/wp-json\/wp\/v2\/media\/4390"}],"wp:attachment":[{"href":"https:\/\/hipertin.pl\/index.php\/wp-json\/wp\/v2\/media?parent=2716"}],"wp:term":[{"taxonomy":"pwb-brand","embeddable":true,"href":"https:\/\/hipertin.pl\/index.php\/wp-json\/wp\/v2\/pwb-brand?post=2716"},{"taxonomy":"product_brand","embeddable":true,"href":"https:\/\/hipertin.pl\/index.php\/wp-json\/wp\/v2\/product_brand?post=2716"},{"taxonomy":"product_cat","embeddable":true,"href":"https:\/\/hipertin.pl\/index.php\/wp-json\/wp\/v2\/product_cat?post=2716"},{"taxonomy":"product_tag","embeddable":true,"href":"https:\/\/hipertin.pl\/index.php\/wp-json\/wp\/v2\/product_tag?post=2716"}],"curies":[{"name":"wp","href":"https:\/\/api.w.org\/{rel}","templated":true}]}}