{"id":2704,"date":"2021-07-07T12:25:45","date_gmt":"2021-07-07T12:25:45","guid":{"rendered":"https:\/\/server656728.nazwa.pl\/hipertin\/?post_type=product&#038;p=2704"},"modified":"2026-04-13T12:30:57","modified_gmt":"2026-04-13T12:30:57","slug":"szampon-zakwaszajacy-ph-acid-profesional-hipertin-1000ml","status":"publish","type":"product","link":"https:\/\/hipertin.pl\/index.php\/product\/szampon-zakwaszajacy-ph-acid-profesional-hipertin-1000ml\/","title":{"rendered":"Szampon zakwaszaj\u0105cy PH Acid Profesional Hipertin 1000ml"},"content":{"rendered":"<p><strong>PH Acid Shampoo Professional<\/strong>\u00a0to\u00a0szampon przywracaj\u0105cy w\u0142osom naturalne pH. Wyj\u0105tkowa formu\u0142a, kt\u00f3ra zawiera\u00a0polimery oraz ekstrakt z jab\u0142ka, dostarcza w\u0142osom niezb\u0119dnego od\u017cywienia, a tak\u017ce zapewnia im blask i delikatno\u015b\u0107. Produkt zalecany do bezpo\u015bredniego i kolejnego stosowania po zabiegach fryzjerskich, takich jak rozja\u015bnianie czy koloryzacja.<\/p>\n<p><em>Spos\u00f3b u\u017cycia:<\/em><\/p>\n<p>Rozprowadzi\u0107 na wilgotnych w\u0142osach i masowa\u0107 delikatnie. Sp\u0142uka\u0107. Nast\u0119pnie powt\u00f3rzy\u0107 aplikacj\u0119, przy czym produkt nale\u017cy pozostawi\u0107 na w\u0142osach przez kilka minut.<\/p>\n<p><em>Po up\u0142ywie tego czasu zemulgowa\u0107 i dok\u0142adnie sp\u0142uka\u0107.<\/em><\/p>\n<p>Pojemno\u015b\u0107 \u2013 1L.<\/p>\n","protected":false},"excerpt":{"rendered":"<p><strong>PH Acid Shampoo Professional<\/strong>\u00a0to\u00a0szampon przywracaj\u0105cy w\u0142osom naturalne pH. Wyj\u0105tkowa formu\u0142a, kt\u00f3ra zawiera\u00a0polimery oraz ekstrakt z jab\u0142ka, dostarcza w\u0142osom niezb\u0119dnego od\u017cywienia, a tak\u017ce zapewnia im blask i delikatno\u015b\u0107. Produkt zalecany do bezpo\u015bredniego i kolejnego stosowania po zabiegach fryzjerskich, takich jak rozja\u015bnianie czy koloryzacja.<\/p>\n<p><em>Spos\u00f3b u\u017cycia:<\/em><\/p>\n<p>Rozprowadzi\u0107 na wilgotnych w\u0142osach i masowa\u0107 delikatnie. Sp\u0142uka\u0107. Nast\u0119pnie powt\u00f3rzy\u0107 aplikacj\u0119, przy czym produkt nale\u017cy pozostawi\u0107 na w\u0142osach przez kilka minut.<\/p>\n<p><em>Po up\u0142ywie tego czasu zemulgowa\u0107 i dok\u0142adnie sp\u0142uka\u0107.<\/em><\/p>\n<p>Pojemno\u015b\u0107 \u2013 1L.<\/p>\n","protected":false},"featured_media":2707,"comment_status":"open","ping_status":"closed","template":"","meta":[],"pwb-brand":[133],"product_brand":[],"product_cat":[15],"product_tag":[],"class_list":{"0":"post-2704","1":"product","2":"type-product","3":"status-publish","4":"has-post-thumbnail","6":"pwb-brand-hipertin","7":"product_cat-szampony-do-wlosow","9":"first","10":"instock","11":"shipping-taxable","12":"purchasable","13":"product-type-simple"},"yoast_head":"<!-- This site is optimized with the Yoast SEO plugin v27.4 - https:\/\/yoast.com\/product\/yoast-seo-wordpress\/ -->\n<title>Szampon zakwaszaj\u0105cy PH Acid Profesional Hipertin 1000ml - HIPERTIN - Profesjonalne produkty Fryzjerskie<\/title>\n<meta name=\"robots\" content=\"index, follow, max-snippet:-1, max-image-preview:large, max-video-preview:-1\" \/>\n<link rel=\"canonical\" href=\"https:\/\/hipertin.pl\/index.php\/product\/szampon-zakwaszajacy-ph-acid-profesional-hipertin-1000ml\/\" \/>\n<meta property=\"og:locale\" content=\"pl_PL\" \/>\n<meta property=\"og:type\" content=\"article\" \/>\n<meta property=\"og:title\" content=\"Szampon zakwaszaj\u0105cy PH Acid Profesional Hipertin 1000ml - HIPERTIN - Profesjonalne produkty Fryzjerskie\" \/>\n<meta property=\"og:description\" content=\"PH Acid Shampoo Professional\u00a0to\u00a0szampon przywracaj\u0105cy w\u0142osom naturalne pH. Wyj\u0105tkowa formu\u0142a, kt\u00f3ra zawiera\u00a0polimery oraz ekstrakt z jab\u0142ka, dostarcza w\u0142osom niezb\u0119dnego od\u017cywienia, a tak\u017ce zapewnia im blask i delikatno\u015b\u0107. Produkt zalecany do bezpo\u015bredniego i kolejnego stosowania po zabiegach fryzjerskich, takich jak rozja\u015bnianie czy koloryzacja.  Spos\u00f3b u\u017cycia:  Rozprowadzi\u0107 na wilgotnych w\u0142osach i masowa\u0107 delikatnie. Sp\u0142uka\u0107. Nast\u0119pnie powt\u00f3rzy\u0107 aplikacj\u0119, przy czym produkt nale\u017cy pozostawi\u0107 na w\u0142osach przez kilka minut.  Po up\u0142ywie tego czasu zemulgowa\u0107 i dok\u0142adnie sp\u0142uka\u0107.  Pojemno\u015b\u0107 \u2013 1L.\" \/>\n<meta property=\"og:url\" content=\"https:\/\/hipertin.pl\/index.php\/product\/szampon-zakwaszajacy-ph-acid-profesional-hipertin-1000ml\/\" \/>\n<meta property=\"og:site_name\" content=\"HIPERTIN - Profesjonalne produkty Fryzjerskie\" \/>\n<meta property=\"article:modified_time\" content=\"2026-04-13T12:30:57+00:00\" \/>\n<meta property=\"og:image\" content=\"http:\/\/hipertin.pl\/wp-content\/uploads\/2021\/07\/szampon-zakwaszajacy-ph-acid-profesional-hipertin-1000ml-e1636533740340.png\" \/>\n\t<meta property=\"og:image:width\" content=\"600\" \/>\n\t<meta property=\"og:image:height\" content=\"600\" \/>\n\t<meta property=\"og:image:type\" content=\"image\/png\" \/>\n<meta name=\"twitter:card\" content=\"summary_large_image\" \/>\n<meta name=\"twitter:label1\" content=\"Szacowany czas czytania\" \/>\n\t<meta name=\"twitter:data1\" content=\"1 minuta\" \/>\n<script type=\"application\/ld+json\" class=\"yoast-schema-graph\">{\"@context\":\"https:\\\/\\\/schema.org\",\"@graph\":[{\"@type\":\"WebPage\",\"@id\":\"https:\\\/\\\/hipertin.pl\\\/index.php\\\/product\\\/szampon-zakwaszajacy-ph-acid-profesional-hipertin-1000ml\\\/\",\"url\":\"https:\\\/\\\/hipertin.pl\\\/index.php\\\/product\\\/szampon-zakwaszajacy-ph-acid-profesional-hipertin-1000ml\\\/\",\"name\":\"Szampon zakwaszaj\u0105cy PH Acid Profesional Hipertin 1000ml - HIPERTIN - Profesjonalne produkty Fryzjerskie\",\"isPartOf\":{\"@id\":\"https:\\\/\\\/hipertin.pl\\\/#website\"},\"primaryImageOfPage\":{\"@id\":\"https:\\\/\\\/hipertin.pl\\\/index.php\\\/product\\\/szampon-zakwaszajacy-ph-acid-profesional-hipertin-1000ml\\\/#primaryimage\"},\"image\":{\"@id\":\"https:\\\/\\\/hipertin.pl\\\/index.php\\\/product\\\/szampon-zakwaszajacy-ph-acid-profesional-hipertin-1000ml\\\/#primaryimage\"},\"thumbnailUrl\":\"https:\\\/\\\/hipertin.pl\\\/wp-content\\\/uploads\\\/2021\\\/07\\\/szampon-zakwaszajacy-ph-acid-profesional-hipertin-1000ml-e1636533740340.png\",\"datePublished\":\"2021-07-07T12:25:45+00:00\",\"dateModified\":\"2026-04-13T12:30:57+00:00\",\"breadcrumb\":{\"@id\":\"https:\\\/\\\/hipertin.pl\\\/index.php\\\/product\\\/szampon-zakwaszajacy-ph-acid-profesional-hipertin-1000ml\\\/#breadcrumb\"},\"inLanguage\":\"pl-PL\",\"potentialAction\":[{\"@type\":\"ReadAction\",\"target\":[\"https:\\\/\\\/hipertin.pl\\\/index.php\\\/product\\\/szampon-zakwaszajacy-ph-acid-profesional-hipertin-1000ml\\\/\"]}]},{\"@type\":\"ImageObject\",\"inLanguage\":\"pl-PL\",\"@id\":\"https:\\\/\\\/hipertin.pl\\\/index.php\\\/product\\\/szampon-zakwaszajacy-ph-acid-profesional-hipertin-1000ml\\\/#primaryimage\",\"url\":\"https:\\\/\\\/hipertin.pl\\\/wp-content\\\/uploads\\\/2021\\\/07\\\/szampon-zakwaszajacy-ph-acid-profesional-hipertin-1000ml-e1636533740340.png\",\"contentUrl\":\"https:\\\/\\\/hipertin.pl\\\/wp-content\\\/uploads\\\/2021\\\/07\\\/szampon-zakwaszajacy-ph-acid-profesional-hipertin-1000ml-e1636533740340.png\",\"width\":600,\"height\":600},{\"@type\":\"BreadcrumbList\",\"@id\":\"https:\\\/\\\/hipertin.pl\\\/index.php\\\/product\\\/szampon-zakwaszajacy-ph-acid-profesional-hipertin-1000ml\\\/#breadcrumb\",\"itemListElement\":[{\"@type\":\"ListItem\",\"position\":1,\"name\":\"Strona g\u0142\u00f3wna\",\"item\":\"https:\\\/\\\/hipertin.pl\\\/\"},{\"@type\":\"ListItem\",\"position\":2,\"name\":\"Sklep\",\"item\":\"https:\\\/\\\/hipertin.pl\\\/index.php\\\/sklep\\\/\"},{\"@type\":\"ListItem\",\"position\":3,\"name\":\"Szampon zakwaszaj\u0105cy PH Acid Profesional Hipertin 1000ml\"}]},{\"@type\":\"WebSite\",\"@id\":\"https:\\\/\\\/hipertin.pl\\\/#website\",\"url\":\"https:\\\/\\\/hipertin.pl\\\/\",\"name\":\"HIPERTIN - Profesjonalne produkty Fryzjerskie\",\"description\":\"\",\"potentialAction\":[{\"@type\":\"SearchAction\",\"target\":{\"@type\":\"EntryPoint\",\"urlTemplate\":\"https:\\\/\\\/hipertin.pl\\\/?s={search_term_string}\"},\"query-input\":{\"@type\":\"PropertyValueSpecification\",\"valueRequired\":true,\"valueName\":\"search_term_string\"}}],\"inLanguage\":\"pl-PL\"}]}<\/script>\n<!-- \/ Yoast SEO plugin. -->","yoast_head_json":{"title":"Szampon zakwaszaj\u0105cy PH Acid Profesional Hipertin 1000ml - HIPERTIN - Profesjonalne produkty Fryzjerskie","robots":{"index":"index","follow":"follow","max-snippet":"max-snippet:-1","max-image-preview":"max-image-preview:large","max-video-preview":"max-video-preview:-1"},"canonical":"https:\/\/hipertin.pl\/index.php\/product\/szampon-zakwaszajacy-ph-acid-profesional-hipertin-1000ml\/","og_locale":"pl_PL","og_type":"article","og_title":"Szampon zakwaszaj\u0105cy PH Acid Profesional Hipertin 1000ml - HIPERTIN - Profesjonalne produkty Fryzjerskie","og_description":"PH Acid Shampoo Professional\u00a0to\u00a0szampon przywracaj\u0105cy w\u0142osom naturalne pH. Wyj\u0105tkowa formu\u0142a, kt\u00f3ra zawiera\u00a0polimery oraz ekstrakt z jab\u0142ka, dostarcza w\u0142osom niezb\u0119dnego od\u017cywienia, a tak\u017ce zapewnia im blask i delikatno\u015b\u0107. Produkt zalecany do bezpo\u015bredniego i kolejnego stosowania po zabiegach fryzjerskich, takich jak rozja\u015bnianie czy koloryzacja.  Spos\u00f3b u\u017cycia:  Rozprowadzi\u0107 na wilgotnych w\u0142osach i masowa\u0107 delikatnie. Sp\u0142uka\u0107. Nast\u0119pnie powt\u00f3rzy\u0107 aplikacj\u0119, przy czym produkt nale\u017cy pozostawi\u0107 na w\u0142osach przez kilka minut.  Po up\u0142ywie tego czasu zemulgowa\u0107 i dok\u0142adnie sp\u0142uka\u0107.  Pojemno\u015b\u0107 \u2013 1L.","og_url":"https:\/\/hipertin.pl\/index.php\/product\/szampon-zakwaszajacy-ph-acid-profesional-hipertin-1000ml\/","og_site_name":"HIPERTIN - Profesjonalne produkty Fryzjerskie","article_modified_time":"2026-04-13T12:30:57+00:00","og_image":[{"width":600,"height":600,"url":"http:\/\/hipertin.pl\/wp-content\/uploads\/2021\/07\/szampon-zakwaszajacy-ph-acid-profesional-hipertin-1000ml-e1636533740340.png","type":"image\/png"}],"twitter_card":"summary_large_image","twitter_misc":{"Szacowany czas czytania":"1 minuta"},"schema":{"@context":"https:\/\/schema.org","@graph":[{"@type":"WebPage","@id":"https:\/\/hipertin.pl\/index.php\/product\/szampon-zakwaszajacy-ph-acid-profesional-hipertin-1000ml\/","url":"https:\/\/hipertin.pl\/index.php\/product\/szampon-zakwaszajacy-ph-acid-profesional-hipertin-1000ml\/","name":"Szampon zakwaszaj\u0105cy PH Acid Profesional Hipertin 1000ml - HIPERTIN - Profesjonalne produkty Fryzjerskie","isPartOf":{"@id":"https:\/\/hipertin.pl\/#website"},"primaryImageOfPage":{"@id":"https:\/\/hipertin.pl\/index.php\/product\/szampon-zakwaszajacy-ph-acid-profesional-hipertin-1000ml\/#primaryimage"},"image":{"@id":"https:\/\/hipertin.pl\/index.php\/product\/szampon-zakwaszajacy-ph-acid-profesional-hipertin-1000ml\/#primaryimage"},"thumbnailUrl":"https:\/\/hipertin.pl\/wp-content\/uploads\/2021\/07\/szampon-zakwaszajacy-ph-acid-profesional-hipertin-1000ml-e1636533740340.png","datePublished":"2021-07-07T12:25:45+00:00","dateModified":"2026-04-13T12:30:57+00:00","breadcrumb":{"@id":"https:\/\/hipertin.pl\/index.php\/product\/szampon-zakwaszajacy-ph-acid-profesional-hipertin-1000ml\/#breadcrumb"},"inLanguage":"pl-PL","potentialAction":[{"@type":"ReadAction","target":["https:\/\/hipertin.pl\/index.php\/product\/szampon-zakwaszajacy-ph-acid-profesional-hipertin-1000ml\/"]}]},{"@type":"ImageObject","inLanguage":"pl-PL","@id":"https:\/\/hipertin.pl\/index.php\/product\/szampon-zakwaszajacy-ph-acid-profesional-hipertin-1000ml\/#primaryimage","url":"https:\/\/hipertin.pl\/wp-content\/uploads\/2021\/07\/szampon-zakwaszajacy-ph-acid-profesional-hipertin-1000ml-e1636533740340.png","contentUrl":"https:\/\/hipertin.pl\/wp-content\/uploads\/2021\/07\/szampon-zakwaszajacy-ph-acid-profesional-hipertin-1000ml-e1636533740340.png","width":600,"height":600},{"@type":"BreadcrumbList","@id":"https:\/\/hipertin.pl\/index.php\/product\/szampon-zakwaszajacy-ph-acid-profesional-hipertin-1000ml\/#breadcrumb","itemListElement":[{"@type":"ListItem","position":1,"name":"Strona g\u0142\u00f3wna","item":"https:\/\/hipertin.pl\/"},{"@type":"ListItem","position":2,"name":"Sklep","item":"https:\/\/hipertin.pl\/index.php\/sklep\/"},{"@type":"ListItem","position":3,"name":"Szampon zakwaszaj\u0105cy PH Acid Profesional Hipertin 1000ml"}]},{"@type":"WebSite","@id":"https:\/\/hipertin.pl\/#website","url":"https:\/\/hipertin.pl\/","name":"HIPERTIN - Profesjonalne produkty Fryzjerskie","description":"","potentialAction":[{"@type":"SearchAction","target":{"@type":"EntryPoint","urlTemplate":"https:\/\/hipertin.pl\/?s={search_term_string}"},"query-input":{"@type":"PropertyValueSpecification","valueRequired":true,"valueName":"search_term_string"}}],"inLanguage":"pl-PL"}]}},"brands":[{"id":133,"name":"Hipertin","slug":"hipertin"}],"_links":{"self":[{"href":"https:\/\/hipertin.pl\/index.php\/wp-json\/wp\/v2\/product\/2704","targetHints":{"allow":["GET"]}}],"collection":[{"href":"https:\/\/hipertin.pl\/index.php\/wp-json\/wp\/v2\/product"}],"about":[{"href":"https:\/\/hipertin.pl\/index.php\/wp-json\/wp\/v2\/types\/product"}],"replies":[{"embeddable":true,"href":"https:\/\/hipertin.pl\/index.php\/wp-json\/wp\/v2\/comments?post=2704"}],"wp:featuredmedia":[{"embeddable":true,"href":"https:\/\/hipertin.pl\/index.php\/wp-json\/wp\/v2\/media\/2707"}],"wp:attachment":[{"href":"https:\/\/hipertin.pl\/index.php\/wp-json\/wp\/v2\/media?parent=2704"}],"wp:term":[{"taxonomy":"pwb-brand","embeddable":true,"href":"https:\/\/hipertin.pl\/index.php\/wp-json\/wp\/v2\/pwb-brand?post=2704"},{"taxonomy":"product_brand","embeddable":true,"href":"https:\/\/hipertin.pl\/index.php\/wp-json\/wp\/v2\/product_brand?post=2704"},{"taxonomy":"product_cat","embeddable":true,"href":"https:\/\/hipertin.pl\/index.php\/wp-json\/wp\/v2\/product_cat?post=2704"},{"taxonomy":"product_tag","embeddable":true,"href":"https:\/\/hipertin.pl\/index.php\/wp-json\/wp\/v2\/product_tag?post=2704"}],"curies":[{"name":"wp","href":"https:\/\/api.w.org\/{rel}","templated":true}]}}